+ 43*l - 12. Let a be f(u). Calculate the greatest common divisor of a and 8.
8
Suppose 5*g + 4*z = 78, 8*g - 12*g + 57 = 5*z. Let c be 5 - (8/(-10))/(g/7785). Calculate the greatest common divisor of c and 27.
27
Let c(r) = -r**2 + 7*r + 13. Let h be c(7). Let w be (-62)/(-8) + -2 - 1/(-4). Suppose 0 = k + w*k - 455. What is the highest common divisor of h and k?
13
Suppose -7*h - 9 + 44 = 0. Suppose h*z - 9503 = -8*z. Calculate the greatest common divisor of 17 and z.
17
Suppose 19*n = -1312 + 1597. Let d be -2 - (1 + -1 - 5). Suppose -343 = -d*j - 28. What is the greatest common factor of j and n?
15
Let a be ((-18)/(-4))/((-1)/(-2)). Suppose a - 3 = 3*g. Suppose 0*f = -3*d - 2*f + 16, 5*d + g*f = 32. What is the greatest common divisor of d and 56?
8
Suppose 2*x = -2*y + 452, 464 = -3*x + 5*x - 4*y. What is the greatest common divisor of x and 4218?
114
Suppose -2*b = 2*a - 344, 5*a - 174 = -4*b + 510. Suppose t + 134 = b. What is the greatest common divisor of 14 and t?
14
Suppose g + g + 831 = -5*i, 5*g = i + 177. Let q = i - -230. What is the highest common divisor of 36 and q?
9
Let o be (-3)/(-9) - (-130)/6. Suppose -18*p + 8 = -o*p. Let q(h) = -h**3 + h**2 + h. Let l be q(p). What is the greatest common factor of l and 50?
10
Let h = 37 + -1. Suppose -2*i - 18 = 11*p - 12*p, 4*p = i + 51. Let r = h - p. Calculate the highest common divisor of 24 and r.
24
Let c be 36/(-10) + ((-84)/(-20))/7. Let i(t) = 41*t**2 + 2*t + 2. Let x be i(-1). Let h = x + c. Calculate the highest common factor of h and 57.
19
Let m be (3/2)/((-36)/(-336)). Let o = 15 - m. Let t be ((-390)/5 - -1)/(o/(-2)). Calculate the highest common divisor of 14 and t.
14
Suppose 14*p - 26167 = 284899. Calculate the highest common factor of p and 34.
17
Let m be (-6)/(-45) + (-23681)/(-255) - 2. Calculate the greatest common factor of m and 234.
13
Let n(i) = -91*i - 513. Let y be n(-23). What is the highest common divisor of 90 and y?
10
Let q = -9714 + 30800. What is the highest common factor of q and 39?
13
Let p = 23 + 11. Let c(x) = 128*x + 2. Let d be c(-4). Let f be d/9*(-120)/25. What is the greatest common divisor of p and f?
34
Suppose 4*r = 5*v + 45 + 1167, 3*r - 936 = -3*v. What is the greatest common factor of 280 and r?
28
Let k be 360/27*(-273)/(-65). Let w be 2/(-2) + -1 + 506. What is the highest common divisor of w and k?
56
Let n be (-9)/(-2)*(0 - -86). Let a be ((-3)/2)/(672/(-4032)). Calculate the greatest common divisor of n and a.
9
Suppose -31*r + 26*r - 96250 = 5*x, r = -3*x - 57750. Let t be (x/100)/((-1)/2). What is the highest common divisor of 154 and t?
77
Suppose 5*u = -22 - 8. Let o(j) = -23*j - 40. Let y(f) = 25*f + 45. Let g(p) = 6*o(p) + 5*y(p). Let m be g(u). What is the greatest common divisor of m and 7?
7
Suppose -767 = -1513*a + 1454*a. Calculate the highest common factor of 14261 and a.
13
Suppose -t + 3*t - 60 = 0. Let u(r) = 206*r**2 + 21011*r - 2. Let p be u(-102). What is the greatest common factor of t and p?
10
Let s(x) = 30 + 38 - 74 - 47*x + 4*x**2. Let w be s(12). Suppose 2*y = 3*q - 2*q - 32, 0 = q - 4*y - 40. What is the highest common divisor of q and w?
6
Let r be 139 + -27 + 4/1. Let s be (-1)/(4/(-13)) - 29/r. Let n be (s/(-1))/(2 + 57/(-27)). What is the greatest common divisor of n and 189?
27
Let c = 5600 + -5591. Calculate the greatest common divisor of 6921 and c.
9
Let j be 4/(-26) - 132/(-13). Suppose 454 - 34 = -j*b. Let x = 54 + b. What is the highest common divisor of x and 84?
12
Let v(n) = -n**2 - 6*n + 5. Let t be v(-6). Let o(y) = 12*y**2 + 90*y - 193. Let q be o(2). What is the greatest common divisor of q and t?
5
Let q be 1*27 - (-21 - -24). Let x be (-9)/(18/(-16)) + -4. Suppose o - x - q = 0. What is the highest common factor of o and 84?
28
Let u be (-2943423)/(-1064) + 6/(-16). What is the highest common divisor of 24 and u?
6
Let s be 250/2 - (3 - (3 + 3)). Let z = -86 + s. Calculate the greatest common divisor of 42 and z.
42
Suppose -86*a - 12183 - 4188 = -35*a. Suppose 4*x + 2*h = -794, -183 = 2*x - 2*h + 199. Let q = x - a. What is the greatest common factor of q and 50?
25
Let s = -9 + 10. Let r be 167 - (21/7 + 1). Let v = s + r. Calculate the highest common factor of 41 and v.
41
Let a be 1/(-2) + (-170)/(-4). Let k = -418 + 415. Let v be 2 - (-7)/k - 1445/(-51). Calculate the greatest common divisor of v and a.
14
Suppose 0 = -4*p + 41 - 57. Let m be p - ((-636)/48 - (-3)/(-4)). What is the highest common divisor of m and 140?
10
Suppose -f - 140 = -7*b + 3*b, -f = 0. Suppose -2*t - 34 = -4*o, -5*o + b = 13*t - 18*t. Calculate the highest common divisor of 70 and o.
10
Let k(q) be the first derivative of q**2 + 41*q - 22. Let a be k(-18). Let f be (a/10)/((-5)/(-100)). Calculate the greatest common factor of f and 10.
10
Suppose 0 = -3*o - 5*w + 33, 0 = -4*o - 6*w + 3*w + 55. Let f = 1115 - 1099. What is the greatest common factor of o and f?
16
Let z be 34114104/2820 - (-11)/(-5). Calculate the highest common divisor of 1475 and z.
295
Let c be 1 + (6 - 1763)/7. Let m = -245 - c. Calculate the greatest common divisor of 205 and m.
5
Let c(h) = 23*h**2 + 5*h + 7. Let s be c(-2). Let j = 91 - s. Calculate the greatest common divisor of j and 18.
2
Suppose -6*r = -10*r - 12. Let t be 108 - 7 - 1*-1*r. Let u = 6 + t. What is the highest common factor of 26 and u?
26
Suppose 9*j - 8*j - 10 = 3*o, 0 = -5*j - 2*o - 18. Let v be -8 - (j - 136 - -6). What is the highest common divisor of v and 434?
62
Let q = -69 - -99. Let l(g) = -3*g + 91. Let j be l(21). Suppose -4*a + 32 = 2*z, j = 4*a - 7*z + 10*z. What is the greatest common divisor of a and q?
10
Let v = 25833 - 13897. What is the highest common factor of 64 and v?
32
Let x = 22707 - 15394. Calculate the highest common divisor of x and 71.
71
Suppose 7*i = -2*i + 936. Suppose -2*p = 2*s - i, 3*p - 18 = -s + 42. Let r be (36/12)/((-6)/4) + 5. Calculate the highest common divisor of s and r.
3
Suppose -a = -3, q - 2*a = 3*a - 15. Suppose 16*w - 7*w - 171 = q. Suppose -w*j + 20*j - 9 = 0. What is the greatest common factor of 72 and j?
9
Let l(p) = -2*p + 76. Suppose 78 = -11*i + 14*i. Let z be l(i). Calculate the greatest common divisor of z and 120.
24
Let q be (437/((-171)/(-9)))/((-27)/15 - -2). Calculate the greatest common factor of 368 and q.
23
Suppose -5*j + 3*n = -1, 2*j + 2 + 9 = 5*n. Suppose -3*y + 163 = 4*c + 47, -j*c = -2*y - 44. Let g = 802 - 776. What is the greatest common factor of c and g?
26
Suppose 5*f - 14 - 16 = 0. Let k = f + 5. Let u be (18/24*4 - (-504)/8)/2. Calculate the highest common divisor of k and u.
11
Let o be 16/(-128)*-131896 - -2. What is the highest common divisor of 11 and o?
11
Let t be 51/34*(-76)/(-2)*1. Let r = -18 - -22. Let h be (-19)/r*(-8 - 0). What is the highest common factor of t and h?
19
Let y be (-9)/(-30) - (-4 + 0 + (-117850)/500). What is the greatest common factor of y and 208?
16
Let o(j) = 20*j**3 - 98*j**2 + 4*j - 8. Let r be o(5). Calculate the greatest common factor of r and 18166.
62
Let a be (-14)/126*0 + (6 - 1). Suppose 7*r - 6*r = a*f - 230, -5 = r. Calculate the highest common factor of 5 and f.
5
Let y(f) = -f**3 + 10*f**2 + 57*f + 151. Let d be y(13). Calculate the greatest common divisor of 44 and d.
11
Suppose 13365 = -10*u + 34165. Calculate the greatest common divisor of u and 48.
16
Suppose 0 = 3*j - 4879 - 1295. Calculate the greatest common factor of 14 and j.
14
Let a(o) = -5*o**3 - 4*o**2 + o - 12. Let i be a(3). Let n = i + 186. Calculate the greatest common factor of n and 114.
6
Suppose 166 = 2*l - 2. Suppose -559 = -3*h - 4*y, -132 = -3*y - 138. Calculate the highest common factor of h and l.
21
Let b be (-5)/((-12)/78 + 157/1105). Let p = b + -386. What is the highest common factor of 39 and p?
39
Let s be (((-570)/25)/(-19))/(3/640). Calculate the greatest common divisor of s and 432.
16
Suppose 5*p - 462 = -3*z, 5*z + 493 = 5*p + 1263. Let d = 17 + -6. Calculate the greatest common divisor of d and z.
11
Let l be ((-15)/(-20))/(1/4)*14. Suppose l = -o + 57. Calculate the greatest common factor of 15 and o.
15
Let r be 1556/(-3)*(6 - 150/20). Suppose -r*y - 63 = -779*y. Calculate the highest common divisor of 36 and y.
9
Let h be 447 + -361 + (-96)/(-